ens digit of p?
3
Let a(m) = -m**2 - 22*m - 121. Let i be a(-7). Let b(w) = -w**3 + 7*w**2 - 2*w + 2. Let d be b(6). Let x = i + d. What is the tens digit of x?
1
Suppose 2*i = -3*i - 25. Let l(w) = 0*w**2 - 4*w**2 + 2*w + 2067 - w**3 - 2070. What is the tens digit of l(i)?
1
Suppose 0 = 4*c - 30 + 2. Suppose 5*h - b - 164 = 0, -3*b + c*b - 4 = 0. What is the units digit of h?
3
Suppose -7*w + 2*w + 480 = 0. Suppose 7*r - 3*r = 12. Suppose 7*j = r*j + w. What is the tens digit of j?
2
Let h = 10 + -4. Suppose -h*l - 957 = -213. Let i = -65 - l. What is the tens digit of i?
5
Let z(b) = 2*b**2 - 6*b - 35. What is the units digit of z(12)?
1
Let u be (1 - (-1 - -1))/((-5)/20). What is the units digit of -3 + 78 - (u + (5 - 2))?
6
Suppose 4*d - 10 = -6. What is the tens digit of 185/3 + d/3?
6
Let h(u) = -112*u - 13. What is the tens digit of h(-5)?
4
Suppose d = -2*q + 723 + 103, -5*q = -25. What is the tens digit of d?
1
Let p = -89 - -150. Let d(j) = 3*j**2 - 2*j**2 + 1 - p*j**3 + 4*j**2 - 7*j**2. What is the tens digit of d(-1)?
6
Let g(w) = w**3 - 14*w**2 + 33*w + 42. What is the tens digit of g(18)?
3
Suppose 53 = 2*z + 197. Let j = z + 133. What is the tens digit of j?
6
Let h(c) = c**3 + 23*c**2 + 22*c. Let a be h(-22). Suppose 270 = 3*s - a*s. What is the tens digit of s?
9
Suppose -5*g + n - 15 = 0, n = -4*g + 3*n - 12. What is the units digit of 5 + (-2 - 3/g - -1)?
5
Let h(k) = -6*k**3 + 2*k + 1. Let a be h(-1). Suppose -5*f = a*r - 5, 2*f + f + 3 = 0. What is the units digit of r/(4 - 0 - 3)?
2
Let s = 27 - 25. Suppose -2*q = -0*h - s*h + 2, 20 = 4*h. Suppose -q*m + 2*o = -234, m = 6*m - 4*o - 288. What is the units digit of m?
0
Let o = 1801 + -593. What is the thousands digit of o?
1
Suppose u + v + 0 = -2, 6 = -2*v. Let i(d) = 4*d + 2 - 6*d + 8*d**3 + 5*d**3. What is the tens digit of i(u)?
1
Let k(h) = -38*h**2 - 4*h - 5. Let o(p) = 77*p**2 + 7*p + 9. Let m(l) = -7*k(l) - 4*o(l). Let y be m(1). Let r = -25 - y. What is the tens digit of r?
1
Let h = 1040 - 316. What is the tens digit of h?
2
Suppose 2*q = 4*r - 2, -3*r = -2*r. What is the units digit of -1 + (1 - -6) - 1/q?
7
Let v = 306 + -75. What is the tens digit of v?
3
Suppose -2*d + 9 = v, -5*d + 54 = -v + 21. Suppose -i = -2*u - d*i + 329, 0 = -2*i - 10. What is the tens digit of u?
7
Let d(m) be the first derivative of m**4/4 - 3*m**3 + 9*m**2/2 - 14*m + 34. What is the units digit of d(9)?
7
Let v = -33 + 33. Suppose v = 7*c - 128 + 9. What is the tens digit of c?
1
Let v(s) be the second derivative of 11*s**3/2 + 3*s**2 + 4*s. Let b be v(6). Suppose -5*g + 5*y - 4*y + b = 0, -4*y - 78 = -2*g. What is the tens digit of g?
4
Suppose -2*b = 4*z + 63 + 9, z - 27 = b. Let j(s) = -8*s + 2. Let r be j(7). Let u = b - r. What is the units digit of u?
4
Suppose -2*x + 5*s + 2784 = 302, x - 9*s - 1228 = 0. What is the tens digit of x?
4
Let k(g) = -6*g. Let m be k(-1). Let y be m/27 - 250/(-9). Suppose -2*w = q - y, 5*q = -5*w - 1 + 116. What is the tens digit of q?
1
Suppose 0 = -b - 4 - 17. What is the tens digit of (-14)/b - (-169)/3?
5
Let a(m) = -79*m + 6. What is the tens digit of a(-15)?
9
Suppose -12*l = -8*l - 280. Suppose -x - r + 5*r + l = 0, x + r - 55 = 0. What is the tens digit of x?
5
Let j = -95 - -926. What is the hundreds digit of j?
8
Suppose -5174 = -22*h + 4594. What is the units digit of h?
4
Let w(u) = -u + 5. Let g be w(3). Suppose -3*t = 4*y - 16 - 70, -32 = -t + g*y. What is the units digit of t?
0
What is the hundreds digit of (2 - -1)*424/8?
1
Let o(y) = -7*y + 274. What is the units digit of o(-20)?
4
Suppose -3*g - 5 = 79. Let d = -23 - g. Suppose 5*n = d*y, -4*y + 39 = 3*n + 11. What is the units digit of y?
4
Suppose 0 = -5*n - a + 1798, -5*n + 5*a = -0*n - 1810. What is the units digit of ((-22)/(-55))/(2/n)?
2
Suppose -4*d = 5*u - 23 - 30, -4*d = 4*u - 48. Let r be 3248/77 - 4/22. What is the tens digit of (-24)/r - (-277)/d?
3
Suppose 3*w - 800 = -2*w. Suppose -8*q + 10*q = w. What is the units digit of q?
0
Let d = 38 + -55. Let v(o) = 7*o**2 - 2*o + 19. Let s(r) = 20*r**2 - 6*r + 57. Let k(g) = d*v(g) + 6*s(g). What is the units digit of k(0)?
9
Suppose -n - 3*j - 35 + 618 = 0, 4*n - 2354 = -j. What is the tens digit of n?
8
Suppose -7*q + 6083 = -6636. What is the units digit of q?
7
What is the units digit of 37*1*(9 - 7)?
4
Let r = -150 - -72. Let a = r + 148. Let v = a + -17. What is the tens digit of v?
5
Suppose 0 = 12*s - 15*s - 300. What is the tens digit of 33/33 + -1 + s/(-1)?
0
Let l(k) = 9*k + 1. Let f be l(-11). Let s = -50 - f. Let r = -29 + s. What is the tens digit of r?
1
Let q(d) be the first derivative of -d**3/3 - 4*d**2 - 2*d + 10. Let p be q(-8). What is the tens digit of 20 + p + 8 + -10?
1
Let w be (5/((-5)/42))/(-2). Suppose 25 = -3*z - 8. Let f = z + w. What is the tens digit of f?
1
Suppose 71516 = -47*k + 259563. What is the thousands digit of k?
4
Let m = 17 + -13. Suppose -4*j + 42 = -t - 3, m*j - 49 = 5*t. What is the tens digit of (-722)/(-22) - (-2)/j?
3
Let w be 3/((-5)/(-2) + -1). Suppose z + z = 4*y + 20, 2*z - w = -2*y. Suppose 5*f = 2*a - 93, -10 = z*f + 10. What is the units digit of a?
4
Let p(m) be the second derivative of 3*m**4/2 - m**3/3 - m**2 - 14*m. What is the units digit of p(-2)?
4
Let h be (27/6 - 2)*2. What is the units digit of (-65 + -10)*(-2)/h?
0
Let q be 193 + 5/(-6) + (-1)/6. Suppose 4*z - 32 = 2*b + q, -2*b + 168 = 3*z. What is the tens digit of z?
5
Suppose -4*n + 18579 - 7338 = -c, -n - 3*c + 2807 = 0. What is the thousands digit of n?
2
Suppose 2*f = -f - 5*t + 9, 3 = f + 4*t. Suppose 0 = -16*g + 13*g + f. What is the units digit of (-3)/g*10/(-3)?
0
Let o be (-2 + 4)*(0 + 1). Suppose 0 = 4*z + a - 238, -o*z - 3*a + 120 - 6 = 0. What is the tens digit of z?
6
Suppose 0 = 15*s - 18*s + 252. Suppose 4*p - s = -2*j, -4*j + 4*p + p = -233. What is the units digit of j?
2
Let p be 38 - (-2 + -1 + -1). Suppose -5*a = 3*y - 148, -4*a - p - 166 = -4*y. What is the units digit of y?
1
Let q(m) be the second derivative of -m**3/6 - m**2 + 7*m. What is the units digit of q(-13)?
1
Suppose -c + 41 = -5*w, -w - 1 = -5*c + 3*c. Let h be (9/2)/(w/48). Let m = h + 51. What is the units digit of m?
7
Suppose 0 = 59*a - 55*a - 16968. What is the units digit of a?
2
Let k = -1513 + 1775. What is the tens digit of k?
6
Let h(g) = 28*g**2 + 6*g + 17. Let a be h(-3). Let v = a + -144. What is the units digit of v?
7
Suppose 2*q = -2*a + 20, 2*q + 6*a - 5 = a. Let g = -11 + q. Suppose -45 + 17 = -g*y. What is the units digit of y?
7
Suppose -2*n + 2*w + 2436 = 0, w - 6100 = -5*n + 4*w. What is the units digit of n?
3
Suppose -213 = -b - 5*v, -5*b + 0*v + 4*v + 1210 = 0. What is the tens digit of b?
3
Suppose 0 = -3*w - p + 64, -w - 2*p = 4*w - 106. Suppose w*u - 700 = 17*u. What is the hundreds digit of u?
1
Suppose -4168 = -2*b - 5*m - 1420, 3*b - 4131 = -3*m. What is the thousands digit of b?
1
Suppose -19 = -5*o + 6. Let h(z) = -5 + 7 + 4*z + 5 - 2. What is the tens digit of h(o)?
2
Suppose -32 = -4*z - 5*v, -5*z = 2*v + v - 27. Suppose -2*k - z*b + 322 = 0, -2*b = 3*b - 20. What is the tens digit of k?
5
Let f(q) = -26 + 4 + 3 + q**2 + 11 + 5*q. Let g be -7*((-1)/(-1) - 0). What is the units digit of f(g)?
6
Let s(v) be the second derivative of -9/2*v**2 + 3/2*v**3 - 8*v + 0. What is the tens digit of s(4)?
2
Let y = 3065 - 1782. What is the hundreds digit of y?
2
Suppose 12*h = -1282 + 5734. What is the units digit of h?
1
Suppose 0 = -4*z + 3*b + 370 + 1662, -2*z - b = -1026. What is the hundreds digit of z?
5
Let j be (-2370)/33 + (-10)/55. Let u = j - -125. What is the tens digit of u?
5
Let x = 716 - 490. Suppose -2*v + v = -x. Suppose 3*u + 52 - v = 0. What is the units digit of u?
8
What is the units digit of 32318/77 - (-10)/35?
0
Suppose 8*q = 14*q - 2088. What is the units digit of q?
8
Suppose 2*l + 1 = g, 4*g - 2*l = 25 + 9. Suppose 0 = -2*n + g*n - 1620. What is the tens digit of n?
8
Let t = -41 + 298. What is the hundreds digit of t?
2
Let t be 0 + 1 - (-5 + 3). Suppose 4*i - 40 = t*i. Suppose 12 + i = 2*l. What is the units digit of l?
6
What is the hundreds digit of 5 - 6956/(-36) - (-2)/(-9)?
1
Suppose 36 = 3*k - 18. Suppose -2*a - k = -2*u, a - 2*u = 4*a + 32. What is the unit